{"id":8796,"date":"2025-11-10T09:01:46","date_gmt":"2025-11-10T09:01:46","guid":{"rendered":"https:\/\/yenhung.com\/?product=mo-shell-gadus-s2-v220-ad-2-18kg"},"modified":"2026-02-07T01:43:17","modified_gmt":"2026-02-07T01:43:17","slug":"mo-shell-gadus-s2-v220-ad-2-18kg","status":"publish","type":"product","link":"https:\/\/yenhung.com\/?product=mo-shell-gadus-s2-v220-ad-2-18kg","title":{"rendered":"M\u1ee1 Shell Gadus S2 V220 AD 2 &#8211; 18kg"},"content":{"rendered":"<div class=\"ba-text-fpt\">\n<h2 data-sourcepos=\"1:1-1:197\"><strong>M\u1ee1 Shell Gadus S2 V220 AD 2<\/strong><\/h2>\n<h2 data-sourcepos=\"1:1-1:197\"><img decoding=\"async\" title=\"mo-shell-gadus-s2-v220-ad-2-3-2\" src=\"https:\/\/yenhung.com\/wp-content\/uploads\/2025\/11\/mo-shell-gadus-s2-v220-ad-2-3-2.jpg\" alt=\"M\u1ee1 Shell Gadus S2 V220 AD 2\" data-thumb=\"large\" \/><\/h2>\n<p data-sourcepos=\"1:1-1:197\">M\u1ee1 Shell Gadus S2 V220 AD 2 l\u00e0 m\u1ed9t lo\u1ea1i m\u1ee1 b\u00f4i tr\u01a1n \u0111a d\u1ee5ng, ch\u1ecbu c\u1ef1c \u00e1p, \u0111\u01b0\u1ee3c thi\u1ebft k\u1ebf \u0111\u1ec3 s\u1eed d\u1ee5ng trong nhi\u1ec1u \u1ee9ng d\u1ee5ng c\u00f4ng nghi\u1ec7p kh\u00e1c nhau. D\u01b0\u1edbi \u0111\u00e2y l\u00e0 m\u1ed9t s\u1ed1 th\u00f4ng tin chi ti\u1ebft v\u1ec1 s\u1ea3n ph\u1ea9m n\u00e0y:<\/p>\n<p data-sourcepos=\"3:1-3:30\"><strong>\u0110\u1eb7c \u0111i\u1ec3m v\u00e0 l\u1ee3i \u00edch ch\u00ednh:<\/strong><\/p>\n<ul data-sourcepos=\"5:1-15:0\">\n<li data-sourcepos=\"5:1-6:152\"><strong>Kh\u1ea3 n\u0103ng ch\u1ecbu t\u1ea3i cao:<\/strong>\n<ul data-sourcepos=\"6:5-6:152\">\n<li data-sourcepos=\"6:5-6:152\">M\u1ee1 Shell Gadus S2 V220 AD 2 \u0111\u01b0\u1ee3c pha ch\u1ebf \u0111\u1ec3 ch\u1ecbu \u0111\u01b0\u1ee3c t\u1ea3i tr\u1ecdng n\u1eb7ng v\u00e0 t\u1ea3i tr\u1ecdng va \u0111\u1eadp, gi\u00fap b\u1ea3o v\u1ec7 c\u00e1c b\u1ed9 ph\u1eadn m\u00e1y m\u00f3c kh\u1ecfi m\u00e0i m\u00f2n v\u00e0 h\u01b0 h\u1ecfng.<\/li>\n<\/ul>\n<\/li>\n<li data-sourcepos=\"7:1-8:127\"><strong>Kh\u1ea3 n\u0103ng ch\u1ed1ng n\u01b0\u1edbc t\u1ed1t:<\/strong>\n<ul data-sourcepos=\"8:5-8:127\">\n<li data-sourcepos=\"8:5-8:127\">S\u1ea3n ph\u1ea9m c\u00f3 kh\u1ea3 n\u0103ng ch\u1ed1ng n\u01b0\u1edbc tuy\u1ec7t v\u1eddi, gi\u00fap b\u1ea3o v\u1ec7 c\u00e1c b\u1ed9 ph\u1eadn m\u00e1y m\u00f3c kh\u1ecfi r\u1ec9 s\u00e9t v\u00e0 \u0103n m\u00f2n trong m\u00f4i tr\u01b0\u1eddng \u1ea9m \u01b0\u1edbt.<\/li>\n<\/ul>\n<\/li>\n<li data-sourcepos=\"9:1-10:102\"><strong>\u0110\u1ed9 \u1ed5n \u0111\u1ecbnh c\u01a1 h\u1ecdc cao:<\/strong>\n<ul data-sourcepos=\"10:5-10:102\">\n<li data-sourcepos=\"10:5-10:102\">M\u1ee1 duy tr\u00ec \u0111\u1ed9 \u0111\u1eb7c v\u00e0 hi\u1ec7u su\u1ea5t b\u00f4i tr\u01a1n ngay c\u1ea3 trong \u0111i\u1ec1u ki\u1ec7n rung \u0111\u1ed9ng v\u00e0 t\u1ea3i tr\u1ecdng thay \u0111\u1ed5i.<\/li>\n<\/ul>\n<\/li>\n<li data-sourcepos=\"11:1-12:67\"><strong>Kh\u1ea3 n\u0103ng ch\u1ed1ng oxy h\u00f3a t\u1ed1t:<\/strong>\n<ul data-sourcepos=\"12:5-12:67\">\n<li data-sourcepos=\"12:5-12:67\">Gi\u00fap k\u00e9o d\u00e0i tu\u1ed5i th\u1ecd c\u1ee7a m\u1ee1 v\u00e0 gi\u1ea3m thi\u1ec3u s\u1ef1 h\u00ecnh th\u00e0nh c\u1eb7n.<\/li>\n<\/ul>\n<\/li>\n<li data-sourcepos=\"13:1-15:0\"><strong>\u0110a d\u1ee5ng:<\/strong>\n<ul data-sourcepos=\"14:5-15:0\">\n<li data-sourcepos=\"14:5-15:0\">C\u00f3 th\u1ec3 s\u1eed d\u1ee5ng cho nhi\u1ec1u \u1ee9ng d\u1ee5ng kh\u00e1c nhau trong c\u00e1c ng\u00e0nh c\u00f4ng nghi\u1ec7p kh\u00e1c nhau.<\/li>\n<\/ul>\n<\/li>\n<\/ul>\n<p data-sourcepos=\"16:1-16:13\"><strong>\u1ee8ng d\u1ee5ng:<\/strong><\/p>\n<p data-sourcepos=\"16:1-16:13\"><strong><img decoding=\"async\" title=\"mo-shell-gadus-s2-v220-ad-2-1-1\" src=\"https:\/\/yenhung.com\/wp-content\/uploads\/2025\/11\/mo-shell-gadus-s2-v220-ad-2-1-1.jpg\" alt=\"M\u1ee1 Shell Gadus S2 V220 AD 2\" data-thumb=\"large\" \/><\/strong><\/p>\n<ul data-sourcepos=\"18:1-22:0\">\n<li data-sourcepos=\"18:1-18:35\">\u1ed4 \u0111\u1ee1 ch\u1ecbu t\u1ea3i n\u1eb7ng v\u00e0 t\u1ea3i va \u0111\u1eadp.<\/li>\n<li data-sourcepos=\"19:1-19:23\">Thi\u1ebft b\u1ecb c\u00f4ng tr\u01b0\u1eddng.<\/li>\n<li data-sourcepos=\"20:1-20:27\">Kh\u1edbp n\u1ed1i, b\u1ec7 \u0111\u1ee1 m\u00e2m xoay.<\/li>\n<li data-sourcepos=\"21:1-22:0\">C\u00e1c \u1ee9ng d\u1ee5ng c\u00f4ng nghi\u1ec7p kh\u00e1c y\u00eau c\u1ea7u m\u1ee1 b\u00f4i tr\u01a1n ch\u1ecbu c\u1ef1c \u00e1p.<\/li>\n<\/ul>\n<p data-sourcepos=\"23:1-23:28\"><strong>Th\u00f4ng s\u1ed1 k\u1ef9 thu\u1eadt ch\u00ednh:<\/strong><\/p>\n<ul data-sourcepos=\"25:1-29:0\">\n<li data-sourcepos=\"25:1-25:17\">D\u1ea7u g\u1ed1c kho\u00e1ng.<\/li>\n<li data-sourcepos=\"26:1-26:48\">Ch\u1ea5t l\u00e0m \u0111\u1eb7c x\u00e0 ph\u00f2ng h\u1ed7n h\u1ee3p lithium\/calcium.<\/li>\n<li data-sourcepos=\"27:1-27:86\">Ph\u1ee5 gia ch\u1ecbu c\u1ef1c \u00e1p, ch\u1ed1ng oxy h\u00f3a, ch\u1ed1ng m\u00e0i m\u00f2n, ch\u1ed1ng \u0103n m\u00f2n v\u00e0 ph\u1ee5 gia b\u00e1m d\u00ednh.<\/li>\n<li data-sourcepos=\"28:1-29:0\">Ph\u1ee5 gia r\u1eafn \u0111\u1ec3 ch\u1ecbu t\u1ea3i va \u0111\u1eadp.<\/li>\n<\/ul>\n<p data-sourcepos=\"30:1-30:22\"><strong>L\u01b0u \u00fd khi s\u1eed d\u1ee5ng:<\/strong><\/p>\n<p data-sourcepos=\"30:1-30:22\"><strong><img decoding=\"async\" title=\"mo-shell-gadus-s2-v220-ad-2-2-1\" src=\"https:\/\/yenhung.com\/wp-content\/uploads\/2025\/11\/mo-shell-gadus-s2-v220-ad-2-2-1.jpg\" alt=\"M\u1ee1 Shell Gadus S2 V220 AD 2\" data-thumb=\"large\" \/><\/strong><\/p>\n<ul data-sourcepos=\"32:1-35:0\">\n<li data-sourcepos=\"32:1-32:79\">Tu\u00e2n th\u1ee7 c\u00e1c h\u01b0\u1edbng d\u1eabn c\u1ee7a nh\u00e0 s\u1ea3n xu\u1ea5t v\u1ec1 vi\u1ec7c b\u00f4i tr\u01a1n v\u00e0 b\u1ea3o tr\u00ec thi\u1ebft b\u1ecb.<\/li>\n<li data-sourcepos=\"33:1-33:40\">Tr\u00e1nh \u0111\u1ec3 m\u1ee1 ti\u1ebfp x\u00fac v\u1edbi c\u00e1c ch\u1ea5t b\u1ea9n.<\/li>\n<li data-sourcepos=\"34:1-35:0\">B\u1ea3o qu\u1ea3n m\u1ee1 \u1edf n\u01a1i kh\u00f4 r\u00e1o, tho\u00e1ng m\u00e1t.<\/li>\n<\/ul>\n<p>&nbsp;<\/p>\n<\/div>\n","protected":false},"excerpt":{"rendered":"<p>T\u00ean sa\u0309n ph\u00e2\u0309m: M\u1ee1 Shell Gadus S2 V220 AD 2<\/p>\n","protected":false},"featured_media":8797,"comment_status":"closed","ping_status":"closed","template":"","meta":[],"product_brand":[],"product_cat":[168],"product_tag":[],"class_list":{"0":"post-8796","1":"product","2":"type-product","3":"status-publish","4":"has-post-thumbnail","6":"product_cat-shell","8":"first","9":"instock","10":"shipping-taxable","11":"product-type-simple"},"_links":{"self":[{"href":"https:\/\/yenhung.com\/index.php?rest_route=\/wp\/v2\/product\/8796","targetHints":{"allow":["GET"]}}],"collection":[{"href":"https:\/\/yenhung.com\/index.php?rest_route=\/wp\/v2\/product"}],"about":[{"href":"https:\/\/yenhung.com\/index.php?rest_route=\/wp\/v2\/types\/product"}],"replies":[{"embeddable":true,"href":"https:\/\/yenhung.com\/index.php?rest_route=%2Fwp%2Fv2%2Fcomments&post=8796"}],"wp:featuredmedia":[{"embeddable":true,"href":"https:\/\/yenhung.com\/index.php?rest_route=\/wp\/v2\/media\/8797"}],"wp:attachment":[{"href":"https:\/\/yenhung.com\/index.php?rest_route=%2Fwp%2Fv2%2Fmedia&parent=8796"}],"wp:term":[{"taxonomy":"product_brand","embeddable":true,"href":"https:\/\/yenhung.com\/index.php?rest_route=%2Fwp%2Fv2%2Fproduct_brand&post=8796"},{"taxonomy":"product_cat","embeddable":true,"href":"https:\/\/yenhung.com\/index.php?rest_route=%2Fwp%2Fv2%2Fproduct_cat&post=8796"},{"taxonomy":"product_tag","embeddable":true,"href":"https:\/\/yenhung.com\/index.php?rest_route=%2Fwp%2Fv2%2Fproduct_tag&post=8796"}],"curies":[{"name":"wp","href":"https:\/\/api.w.org\/{rel}","templated":true}]}}