{"id":8812,"date":"2025-11-10T09:02:01","date_gmt":"2025-11-10T09:02:01","guid":{"rendered":"https:\/\/yenhung.com\/?product=dau-shell-diala-s4-zx-1-209l-phuy"},"modified":"2026-01-30T09:30:50","modified_gmt":"2026-01-30T09:30:50","slug":"dau-shell-diala-s4-zx-1-209l-phuy","status":"publish","type":"product","link":"https:\/\/yenhung.com\/?product=dau-shell-diala-s4-zx-1-209l-phuy","title":{"rendered":"D\u1ea7u Shell Diala S4 ZX-1 (209l\/phuy)"},"content":{"rendered":"<div class=\"ba-text-fpt\">\n<h2><strong>D\u1ea7u Shell Diala S4 ZX-1 (209l\/phuy)<\/strong><\/h2>\n<p data-sourcepos=\"1:1-1:145\">D\u1ea7u Shell Diala S4 ZX-I l\u00e0 m\u1ed9t lo\u1ea1i d\u1ea7u c\u00e1ch \u0111i\u1ec7n cao c\u1ea5p \u0111\u01b0\u1ee3c thi\u1ebft k\u1ebf \u0111\u1eb7c bi\u1ec7t cho m\u00e1y bi\u1ebfn \u00e1p. D\u01b0\u1edbi \u0111\u00e2y l\u00e0 th\u00f4ng tin chi ti\u1ebft v\u1ec1 s\u1ea3n ph\u1ea9m n\u00e0y:<\/p>\n<p data-sourcepos=\"3:1-3:30\"><strong>\u0110\u1eb7c \u0111i\u1ec3m v\u00e0 l\u1ee3i \u00edch ch\u00ednh:<\/strong><\/p>\n<ul data-sourcepos=\"5:1-17:0\">\n<li data-sourcepos=\"5:1-7:64\"><strong>Hi\u1ec7u su\u1ea5t c\u00e1ch \u0111i\u1ec7n v\u01b0\u1ee3t tr\u1ed9i:<\/strong>\n<ul data-sourcepos=\"6:5-7:64\">\n<li data-sourcepos=\"6:5-6:223\">D\u1ea7u Shell Diala S4 ZX-I \u0111\u01b0\u1ee3c s\u1ea3n xu\u1ea5t t\u1eeb d\u1ea7u g\u1ed1c kh\u00f4ng ch\u1ee9a l\u01b0u hu\u1ef3nh, s\u1eed d\u1ee5ng c\u00f4ng ngh\u1ec7 GTL (kh\u00ed h\u00f3a l\u1ecfng) ti\u00ean ti\u1ebfn c\u1ee7a Shell. \u0110i\u1ec1u n\u00e0y mang l\u1ea1i kh\u1ea3 n\u0103ng c\u00e1ch \u0111i\u1ec7n tuy\u1ec7t v\u1eddi, gi\u00fap b\u1ea3o v\u1ec7 m\u00e1y bi\u1ebfn \u00e1p kh\u1ecfi s\u1ef1 c\u1ed1 \u0111i\u1ec7n.<\/li>\n<li data-sourcepos=\"7:5-7:64\">V\u01b0\u1ee3t qu\u00e1 c\u00e1c y\u00eau c\u1ea7u nghi\u00eam ng\u1eb7t c\u1ee7a ti\u00eau chu\u1ea9n IEC 60296.<\/li>\n<\/ul>\n<\/li>\n<li data-sourcepos=\"8:1-9:128\"><strong>\u0110\u1ed9 \u1ed5n \u0111\u1ecbnh oxy h\u00f3a cao:<\/strong>\n<ul data-sourcepos=\"9:5-9:128\">\n<li data-sourcepos=\"9:5-9:128\">C\u00f4ng th\u1ee9c \u0111\u1eb7c bi\u1ec7t c\u1ee7a d\u1ea7u gi\u00fap ch\u1ed1ng l\u1ea1i qu\u00e1 tr\u00ecnh oxy h\u00f3a, k\u00e9o d\u00e0i tu\u1ed5i th\u1ecd c\u1ee7a d\u1ea7u v\u00e0 gi\u1ea3m thi\u1ec3u s\u1ef1 h\u00ecnh th\u00e0nh c\u1eb7n b\u00f9n.<\/li>\n<\/ul>\n<\/li>\n<li data-sourcepos=\"10:1-11:95\"><strong>\u0110\u1ed9 nh\u1edbt th\u1ea5p:<\/strong>\n<ul data-sourcepos=\"11:5-11:95\">\n<li data-sourcepos=\"11:5-11:95\">\u0110\u1ed9 nh\u1edbt th\u1ea5p gi\u00fap d\u1ea7u l\u01b0u th\u00f4ng t\u1ed1t trong m\u00e1y bi\u1ebfn \u00e1p, \u0111\u1ea3m b\u1ea3o kh\u1ea3 n\u0103ng l\u00e0m m\u00e1t hi\u1ec7u qu\u1ea3.<\/li>\n<\/ul>\n<\/li>\n<li data-sourcepos=\"12:1-14:35\"><strong>An to\u00e0n v\u00e0 th\u00e2n thi\u1ec7n v\u1edbi m\u00f4i tr\u01b0\u1eddng:<\/strong>\n<ul data-sourcepos=\"13:5-14:35\">\n<li data-sourcepos=\"13:5-13:119\">Kh\u00f4ng ch\u1ee9a PCB (polychlorinated biphenyls) v\u00e0 DBDS (dibenzyl disulfide), c\u00e1c ch\u1ea5t \u0111\u1ed9c h\u1ea1i g\u00e2y \u00f4 nhi\u1ec5m m\u00f4i tr\u01b0\u1eddng.<\/li>\n<li data-sourcepos=\"14:5-14:35\">H\u00e0m l\u01b0\u1ee3ng l\u01b0u hu\u1ef3nh c\u1ef1c th\u1ea5p.<\/li>\n<\/ul>\n<\/li>\n<li data-sourcepos=\"15:1-17:0\"><strong>Kh\u1ea3 n\u0103ng t\u01b0\u01a1ng th\u00edch t\u1ed1t:<\/strong>\n<ul data-sourcepos=\"16:5-17:0\">\n<li data-sourcepos=\"16:5-17:0\">C\u00f3 th\u1ec3 d\u00f9ng \u0111\u1ec3 thay th\u1ebf ho\u1eb7c ch\u00e2m th\u00eam cho c\u00e1c lo\u1ea1i d\u1ea7u Shell Diala kh\u00e1c.<\/li>\n<\/ul>\n<\/li>\n<\/ul>\n<p data-sourcepos=\"18:1-18:13\"><strong>\u1ee8ng d\u1ee5ng:<\/strong><\/p>\n<p data-sourcepos=\"18:1-18:13\">\n<ul data-sourcepos=\"20:1-22:0\">\n<li data-sourcepos=\"20:1-20:53\">M\u00e1y bi\u1ebfn \u00e1p cao \u00e1p (220 kV, 500 kV v\u00e0 tr\u00ean 500 kV).<\/li>\n<li data-sourcepos=\"21:1-22:0\">C\u00e1c thi\u1ebft b\u1ecb \u0111i\u1ec7n kh\u00e1c y\u00eau c\u1ea7u d\u1ea7u c\u00e1ch \u0111i\u1ec7n ch\u1ea5t l\u01b0\u1ee3ng cao.<\/li>\n<\/ul>\n<p data-sourcepos=\"23:1-23:28\"><strong>Th\u00f4ng s\u1ed1 k\u1ef9 thu\u1eadt ch\u00ednh:<\/strong><\/p>\n<ul data-sourcepos=\"25:1-29:0\">\n<li data-sourcepos=\"25:1-25:35\">T\u1ef7 tr\u1ecdng \u1edf 20\u00b0C: T\u1ed1i \u0111a 895 kg\/m\u00b3<\/li>\n<li data-sourcepos=\"26:1-26:42\">\u0110\u1ed9 nh\u1edbt \u0111\u1ed9ng h\u1ecdc \u1edf 40\u00b0C: T\u1ed1i \u0111a 12 mm\u00b2\/s<\/li>\n<li data-sourcepos=\"27:1-27:33\">\u0110i\u1ec3m ch\u1edbp ch\u00e1y: T\u1ed1i thi\u1ec3u 135\u00b0C<\/li>\n<li data-sourcepos=\"28:1-29:0\">\u0110i\u1ec7n \u00e1p \u0111\u00e1nh th\u1ee7ng cao.<\/li>\n<\/ul>\n<p data-sourcepos=\"30:1-30:22\"><strong>Quy c\u00e1ch \u0111\u00f3ng g\u00f3i:<\/strong><\/p>\n<ul data-sourcepos=\"32:1-33:0\">\n<li data-sourcepos=\"32:1-33:0\">Phuy 209 l\u00edt.<\/li>\n<\/ul>\n<p data-sourcepos=\"34:1-34:22\"><strong>L\u01b0u \u00fd khi s\u1eed d\u1ee5ng:<\/strong><\/p>\n<ul data-sourcepos=\"36:1-38:0\">\n<li data-sourcepos=\"36:1-36:82\">B\u1ea3o qu\u1ea3n d\u1ea7u \u1edf n\u01a1i kh\u00f4 r\u00e1o, tho\u00e1ng m\u00e1t, tr\u00e1nh \u00e1nh n\u1eafng tr\u1ef1c ti\u1ebfp v\u00e0 ngu\u1ed3n nhi\u1ec7t.<\/li>\n<li data-sourcepos=\"37:1-38:0\">Tu\u00e2n th\u1ee7 c\u00e1c quy \u0111\u1ecbnh v\u1ec1 an to\u00e0n khi x\u1eed l\u00fd v\u00e0 s\u1eed d\u1ee5ng d\u1ea7u c\u00e1ch \u0111i\u1ec7n.<\/li>\n<\/ul>\n<\/div>\n","protected":false},"excerpt":{"rendered":"<p>T\u00ean sa\u0309n ph\u00e2\u0309m:\u00a0D\u1ea7u Shell Diala S4 ZX-1 (209l\/phuy)<\/p>\n","protected":false},"featured_media":8813,"comment_status":"closed","ping_status":"closed","template":"","meta":[],"product_brand":[],"product_cat":[168],"product_tag":[],"class_list":{"0":"post-8812","1":"product","2":"type-product","3":"status-publish","4":"has-post-thumbnail","6":"product_cat-shell","8":"first","9":"instock","10":"shipping-taxable","11":"product-type-simple"},"_links":{"self":[{"href":"https:\/\/yenhung.com\/index.php?rest_route=\/wp\/v2\/product\/8812","targetHints":{"allow":["GET"]}}],"collection":[{"href":"https:\/\/yenhung.com\/index.php?rest_route=\/wp\/v2\/product"}],"about":[{"href":"https:\/\/yenhung.com\/index.php?rest_route=\/wp\/v2\/types\/product"}],"replies":[{"embeddable":true,"href":"https:\/\/yenhung.com\/index.php?rest_route=%2Fwp%2Fv2%2Fcomments&post=8812"}],"wp:featuredmedia":[{"embeddable":true,"href":"https:\/\/yenhung.com\/index.php?rest_route=\/wp\/v2\/media\/8813"}],"wp:attachment":[{"href":"https:\/\/yenhung.com\/index.php?rest_route=%2Fwp%2Fv2%2Fmedia&parent=8812"}],"wp:term":[{"taxonomy":"product_brand","embeddable":true,"href":"https:\/\/yenhung.com\/index.php?rest_route=%2Fwp%2Fv2%2Fproduct_brand&post=8812"},{"taxonomy":"product_cat","embeddable":true,"href":"https:\/\/yenhung.com\/index.php?rest_route=%2Fwp%2Fv2%2Fproduct_cat&post=8812"},{"taxonomy":"product_tag","embeddable":true,"href":"https:\/\/yenhung.com\/index.php?rest_route=%2Fwp%2Fv2%2Fproduct_tag&post=8812"}],"curies":[{"name":"wp","href":"https:\/\/api.w.org\/{rel}","templated":true}]}}