{"id":8841,"date":"2025-11-10T09:02:24","date_gmt":"2025-11-10T09:02:24","guid":{"rendered":"https:\/\/yenhung.com\/?product=mo-shell-gadus-s2-v220-1-18kg-xo"},"modified":"2026-01-30T09:21:22","modified_gmt":"2026-01-30T09:21:22","slug":"mo-shell-gadus-s2-v220-1-18kg-xo","status":"publish","type":"product","link":"https:\/\/yenhung.com\/?product=mo-shell-gadus-s2-v220-1-18kg-xo","title":{"rendered":"M\u1ee0 -SHELL GADUS S2 V220 1 (18kg\/x\u00f4)"},"content":{"rendered":"<div class=\"ba-text-fpt\">\n<h2 data-sourcepos=\"1:1-1:51\"><strong>Shell Gadus S2 V220 1: M\u1ee1 \u0111a d\u1ee5ng ch\u1ea5t l\u01b0\u1ee3ng cao<\/strong><\/h2>\n<p><img decoding=\"async\" title=\"mo-shell-gadus-s2-v220-1-c-1752636191332-1\" src=\"https:\/\/yenhung.com\/wp-content\/uploads\/2025\/11\/mo-shell-gadus-s2-v220-1-c-1752636191332-1.jpg\" alt=\"M\u1ee0 -SHELL GADUS S2 V220 1 (18kg\/x\u00f4)\" data-thumb=\"large\" \/><\/p>\n<p data-sourcepos=\"3:1-3:295\"><strong>Shell Gadus S2 V200 1<\/strong> l\u00e0 m\u1ed9t lo\u1ea1i m\u1ee1 b\u00f4i tr\u01a1n \u0111a d\u1ee5ng, ch\u1ecbu c\u1ef1c \u00e1p \u0111\u01b0\u1ee3c s\u1ea3n xu\u1ea5t t\u1eeb d\u1ea7u kho\u00e1ng ch\u1ea5t l\u01b0\u1ee3ng cao v\u00e0 ch\u1ea5t l\u00e0m \u0111\u1eb7c g\u1ed1c x\u00e0 ph\u00f2ng lithium. S\u1ea3n ph\u1ea9m n\u00e0y \u0111\u01b0\u1ee3c thi\u1ebft k\u1ebf \u0111\u1ec3 b\u00f4i tr\u01a1n c\u00e1c \u1ed5 tr\u01b0\u1ee3t v\u00e0 \u1ed5 l\u0103n trong c\u00f4ng nghi\u1ec7p v\u00e0 v\u1eadn t\u1ea3i, \u0111\u1eb7c bi\u1ec7t l\u00e0 trong c\u00e1c \u0111i\u1ec1u ki\u1ec7n l\u00e0m vi\u1ec7c kh\u1eafc nghi\u1ec7t.<\/p>\n<h3 data-sourcepos=\"5:1-5:20\">\u0110\u1eb7c \u0111i\u1ec3m n\u1ed5i b\u1eadt<\/h3>\n<p><img decoding=\"async\" title=\"mo-shell-gadus-s2-v220-1-b-1752636130850-1\" src=\"https:\/\/yenhung.com\/wp-content\/uploads\/2025\/11\/mo-shell-gadus-s2-v220-1-b-1752636130850-1.jpg\" alt=\"M\u1ee0 -SHELL GADUS S2 V220 1 (18kg\/x\u00f4)\" data-thumb=\"large\" \/><\/p>\n<ul data-sourcepos=\"7:1-12:0\">\n<li data-sourcepos=\"7:1-7:132\"><strong>Kh\u1ea3 n\u0103ng ch\u1ecbu t\u1ea3i cao:<\/strong> Nh\u1edd c\u1ea5u tr\u00fac \u0111\u1eb7c bi\u1ec7t, m\u1ee1 Gadus S2 V200 1 c\u00f3 kh\u1ea3 n\u0103ng ch\u1ecbu t\u1ea3i tr\u1ecdng l\u1edbn, gi\u1ea3m thi\u1ec3u ma s\u00e1t v\u00e0 m\u00e0i m\u00f2n.<\/li>\n<li data-sourcepos=\"8:1-8:131\"><strong>Ch\u1ed1ng m\u00e0i m\u00f2n \u01b0u vi\u1ec7t:<\/strong> C\u00e1c ph\u1ee5 gia c\u1ef1c \u00e1p gi\u00fap b\u1ea3o v\u1ec7 b\u1ec1 m\u1eb7t kim lo\u1ea1i, ng\u0103n ng\u1eeba s\u1ef1 m\u00e0i m\u00f2n v\u00e0 k\u00e9o d\u00e0i tu\u1ed5i th\u1ecd c\u1ee7a thi\u1ebft b\u1ecb.<\/li>\n<li data-sourcepos=\"9:1-9:119\"><strong>Ch\u1ed1ng oxy h\u00f3a hi\u1ec7u qu\u1ea3:<\/strong> Gi\u00fap ng\u0103n ng\u1eeba s\u1ef1 oxi h\u00f3a d\u1ea7u m\u1ee1, \u0111\u1ea3m b\u1ea3o hi\u1ec7u su\u1ea5t b\u00f4i tr\u01a1n \u1ed5n \u0111\u1ecbnh trong th\u1eddi gian d\u00e0i.<\/li>\n<li data-sourcepos=\"10:1-10:107\"><strong>\u1ed4n \u0111\u1ecbnh c\u01a1 h\u1ecdc cao:<\/strong> Gi\u1ea3m thi\u1ec3u t\u00ecnh tr\u1ea1ng t\u00e1ch n\u01b0\u1edbc v\u00e0 r\u00f2 r\u1ec9 m\u1ee1, \u0111\u1ea3m b\u1ea3o hi\u1ec7u su\u1ea5t b\u00f4i tr\u01a1n li\u00ean t\u1ee5c.<\/li>\n<li data-sourcepos=\"11:1-12:0\"><strong>Kh\u1ea3 n\u0103ng ch\u1ecbu nhi\u1ec7t t\u1ed1t:<\/strong> L\u00e0m vi\u1ec7c hi\u1ec7u qu\u1ea3 trong \u0111i\u1ec1u ki\u1ec7n nhi\u1ec7t \u0111\u1ed9 cao, t\u1eeb th\u1ea5p \u0111\u1ebfn cao.<\/li>\n<\/ul>\n<h3 data-sourcepos=\"13:1-13:12\">\u1ee8ng d\u1ee5ng<\/h3>\n<ul data-sourcepos=\"15:1-18:0\">\n<li data-sourcepos=\"15:1-15:114\"><strong>B\u00f4i tr\u01a1n \u1ed5 tr\u01b0\u1ee3t v\u00e0 \u1ed5 l\u0103n:<\/strong> S\u1eed d\u1ee5ng cho c\u00e1c \u1ed5 tr\u01b0\u1ee3t v\u00e0 \u1ed5 l\u0103n trong c\u00e1c m\u00e1y m\u00f3c c\u00f4ng nghi\u1ec7p, thi\u1ebft b\u1ecb v\u1eadn t\u1ea3i.<\/li>\n<li data-sourcepos=\"16:1-16:110\"><strong>B\u00f4i tr\u01a1n c\u00e1c kh\u1edbp n\u1ed1i:<\/strong> B\u00f4i tr\u01a1n c\u00e1c kh\u1edbp n\u1ed1i, b\u1ea3n l\u1ec1, tr\u1ee5c v\u00edt trong c\u00e1c \u0111i\u1ec1u ki\u1ec7n l\u00e0m vi\u1ec7c kh\u1eafc nghi\u1ec7t.<\/li>\n<li data-sourcepos=\"17:1-18:0\"><strong>B\u00f4i tr\u01a1n c\u00e1c thi\u1ebft b\u1ecb l\u00e0m vi\u1ec7c trong m\u00f4i tr\u01b0\u1eddng \u1ea9m \u01b0\u1edbt:<\/strong> S\u1eed d\u1ee5ng cho c\u00e1c thi\u1ebft b\u1ecb l\u00e0m vi\u1ec7c trong m\u00f4i tr\u01b0\u1eddng \u1ea9m \u01b0\u1edbt, c\u00f3 b\u1ee5i b\u1ea9n.<\/li>\n<\/ul>\n<h3 data-sourcepos=\"21:1-21:23\">L\u1ee3i \u00edch khi s\u1eed d\u1ee5ng<\/h3>\n<ul data-sourcepos=\"23:1-27:0\">\n<li data-sourcepos=\"23:1-23:87\"><strong>T\u0103ng tu\u1ed5i th\u1ecd thi\u1ebft b\u1ecb:<\/strong> Gi\u1ea3m ma s\u00e1t, m\u00e0i m\u00f2n, gi\u00fap thi\u1ebft b\u1ecb ho\u1ea1t \u0111\u1ed9ng b\u1ec1n b\u1ec9 h\u01a1n.<\/li>\n<li data-sourcepos=\"24:1-24:76\"><strong>Gi\u1ea3m chi ph\u00ed b\u1ea3o tr\u00ec:<\/strong> Gi\u1ea3m t\u1ea7n su\u1ea5t b\u1ea3o d\u01b0\u1ee1ng v\u00e0 thay th\u1ebf c\u00e1c b\u1ed9 ph\u1eadn.<\/li>\n<li data-sourcepos=\"25:1-25:81\"><strong>N\u00e2ng cao hi\u1ec7u su\u1ea5t l\u00e0m vi\u1ec7c:<\/strong> Gi\u00fap m\u00e1y m\u00f3c ho\u1ea1t \u0111\u1ed9ng tr\u01a1n tru, hi\u1ec7u qu\u1ea3 h\u01a1n.<\/li>\n<li data-sourcepos=\"26:1-27:0\"><strong>B\u1ea3o v\u1ec7 m\u00f4i tr\u01b0\u1eddng:<\/strong> S\u1ea3n ph\u1ea9m th\u00e2n thi\u1ec7n v\u1edbi m\u00f4i tr\u01b0\u1eddng.<\/li>\n<\/ul>\n<h3 data-sourcepos=\"28:1-28:21\">L\u01b0u \u00fd khi s\u1eed d\u1ee5ng<\/h3>\n<p><img decoding=\"async\" title=\"shell-gadus-s2-v220-1-a-1752635832934-2\" src=\"https:\/\/yenhung.com\/wp-content\/uploads\/2025\/11\/shell-gadus-s2-v220-1-a-1752635832934-2.jpg\" alt=\"M\u1ee0 -SHELL GADUS S2 V220 1 (18kg\/x\u00f4)\" data-thumb=\"large\" \/><\/p>\n<ul data-sourcepos=\"30:1-33:0\">\n<li data-sourcepos=\"30:1-30:74\"><strong>L\u00e0m s\u1ea1ch b\u1ec1 m\u1eb7t:<\/strong> Tr\u01b0\u1edbc khi b\u00f4i m\u1ee1, c\u1ea7n l\u00e0m s\u1ea1ch b\u1ec1 m\u1eb7t c\u1ea7n b\u00f4i tr\u01a1n.<\/li>\n<li data-sourcepos=\"31:1-31:69\"><strong>L\u01b0\u1ee3ng m\u1ee1:<\/strong> B\u00f4i m\u1ed9t l\u01b0\u1ee3ng m\u1ee1 v\u1eeba \u0111\u1ee7 \u0111\u1ec3 \u0111\u1ea3m b\u1ea3o hi\u1ec7u qu\u1ea3 b\u00f4i tr\u01a1n.<\/li>\n<li data-sourcepos=\"32:1-33:0\"><strong>B\u1ea3o qu\u1ea3n:<\/strong> B\u1ea3o qu\u1ea3n s\u1ea3n ph\u1ea9m \u1edf n\u01a1i kh\u00f4 r\u00e1o, tho\u00e1ng m\u00e1t, tr\u00e1nh \u00e1nh n\u1eafng tr\u1ef1c ti\u1ebfp.<\/li>\n<\/ul>\n<\/div>\n","protected":false},"excerpt":{"rendered":"<p>T\u00ean sa\u0309n ph\u00e2\u0309m:\u00a0SHELL GADUS S2 V220 1<\/p>\n","protected":false},"featured_media":8842,"comment_status":"closed","ping_status":"closed","template":"","meta":[],"product_brand":[],"product_cat":[168],"product_tag":[],"class_list":{"0":"post-8841","1":"product","2":"type-product","3":"status-publish","4":"has-post-thumbnail","6":"product_cat-shell","8":"first","9":"instock","10":"shipping-taxable","11":"product-type-simple"},"_links":{"self":[{"href":"https:\/\/yenhung.com\/index.php?rest_route=\/wp\/v2\/product\/8841","targetHints":{"allow":["GET"]}}],"collection":[{"href":"https:\/\/yenhung.com\/index.php?rest_route=\/wp\/v2\/product"}],"about":[{"href":"https:\/\/yenhung.com\/index.php?rest_route=\/wp\/v2\/types\/product"}],"replies":[{"embeddable":true,"href":"https:\/\/yenhung.com\/index.php?rest_route=%2Fwp%2Fv2%2Fcomments&post=8841"}],"wp:featuredmedia":[{"embeddable":true,"href":"https:\/\/yenhung.com\/index.php?rest_route=\/wp\/v2\/media\/8842"}],"wp:attachment":[{"href":"https:\/\/yenhung.com\/index.php?rest_route=%2Fwp%2Fv2%2Fmedia&parent=8841"}],"wp:term":[{"taxonomy":"product_brand","embeddable":true,"href":"https:\/\/yenhung.com\/index.php?rest_route=%2Fwp%2Fv2%2Fproduct_brand&post=8841"},{"taxonomy":"product_cat","embeddable":true,"href":"https:\/\/yenhung.com\/index.php?rest_route=%2Fwp%2Fv2%2Fproduct_cat&post=8841"},{"taxonomy":"product_tag","embeddable":true,"href":"https:\/\/yenhung.com\/index.php?rest_route=%2Fwp%2Fv2%2Fproduct_tag&post=8841"}],"curies":[{"name":"wp","href":"https:\/\/api.w.org\/{rel}","templated":true}]}}