{"id":8977,"date":"2025-11-10T09:04:49","date_gmt":"2025-11-10T09:04:49","guid":{"rendered":"https:\/\/yenhung.com\/?product=dau-shell-omala-s4-we-320-20l"},"modified":"2026-03-13T07:12:00","modified_gmt":"2026-03-13T07:12:00","slug":"dau-shell-omala-s4-we-320-20l","status":"publish","type":"product","link":"https:\/\/yenhung.com\/?product=dau-shell-omala-s4-we-320-20l","title":{"rendered":"D\u1ea7u B\u00e1nh R\u0103ng Tr\u1ee5c V\u00edt B\u00e1nh V\u00edt &#8211; Shell Omala S4 WE 320 &#8211; 20L"},"content":{"rendered":"<div class=\"ba-text-fpt\">\n<h2 data-sourcepos=\"3:1-3:89\">Shell Omala S4 WE 320 (Tivela S 320): D\u1ea7u b\u00e1nh r\u0103ng c\u00f4ng nghi\u1ec7p t\u1ed5ng h\u1ee3p hi\u1ec7u su\u1ea5t cao<\/h2>\n<h3 data-sourcepos=\"5:1-5:23\">Gi\u1edbi thi\u1ec7u s\u1ea3n ph\u1ea9m<\/h3>\n<p data-sourcepos=\"7:1-7:329\"><strong>Shell Omala S4 WE 320<\/strong> (hay c\u00f2n g\u1ecdi l\u00e0 <strong>Tivela S 320<\/strong>) l\u00e0 lo\u1ea1i d\u1ea7u b\u00e1nh r\u0103ng c\u00f4ng nghi\u1ec7p t\u1ed5ng h\u1ee3p cao c\u1ea5p, \u0111\u01b0\u1ee3c pha ch\u1ebf t\u1eeb d\u1ea7u g\u1ed1c polyalkylene glycol v\u00e0 c\u00e1c ph\u1ee5 gia \u0111\u1eb7c bi\u1ec7t. S\u1ea3n ph\u1ea9m \u0111\u01b0\u1ee3c thi\u1ebft k\u1ebf \u0111\u1ec3 cung c\u1ea5p hi\u1ec7u su\u1ea5t b\u00f4i tr\u01a1n v\u01b0\u1ee3t tr\u1ed9i, b\u1ea3o v\u1ec7 t\u1ed1i \u01b0u cho h\u1ec7 th\u1ed1ng b\u00e1nh r\u0103ng trong c\u00e1c \u0111i\u1ec1u ki\u1ec7n l\u00e0m vi\u1ec7c kh\u1eafc nghi\u1ec7t nh\u1ea5t.<\/p>\n<p data-sourcepos=\"9:1-9:41\"><img decoding=\"async\" title=\"shell-omala-s4-we-320-2\" src=\"https:\/\/yenhung.com\/wp-content\/uploads\/2025\/11\/shell-omala-s4-we-320-2.jpg\" alt=\"Shell Omala S4 WE 320\" data-thumb=\"large\" \/><\/p>\n<h3 data-sourcepos=\"11:1-11:19\">\u01afu \u0111i\u1ec3m n\u1ed5i b\u1eadt<\/h3>\n<ul data-sourcepos=\"13:1-18:0\">\n<li data-sourcepos=\"13:1-13:124\"><strong>Tu\u1ed5i th\u1ecd d\u1ea7u k\u00e9o d\u00e0i:<\/strong> G\u1ea5p 4-8 l\u1ea7n so v\u1edbi d\u1ea7u b\u00e1nh r\u0103ng th\u00f4ng th\u01b0\u1eddng, gi\u00fap gi\u1ea3m t\u1ea7n su\u1ea5t thay d\u1ea7u v\u00e0 ti\u1ebft ki\u1ec7m chi ph\u00ed.<\/li>\n<li data-sourcepos=\"14:1-14:111\"><strong>Ch\u1ed1ng m\u00e0i m\u00f2n v\u00e0 \u0103n m\u00f2n:<\/strong> B\u1ea3o v\u1ec7 c\u00e1c b\u1ed9 ph\u1eadn b\u00e1nh r\u0103ng kh\u1ecfi b\u1ecb m\u00e0i m\u00f2n, \u0103n m\u00f2n, k\u00e9o d\u00e0i tu\u1ed5i th\u1ecd thi\u1ebft b\u1ecb.<\/li>\n<li data-sourcepos=\"15:1-15:105\"><strong>Gi\u1ea3m ma s\u00e1t:<\/strong> Gi\u1ea3m ma s\u00e1t v\u00e0 nhi\u1ec7t \u0111\u1ed9 ho\u1ea1t \u0111\u1ed9ng, t\u0103ng hi\u1ec7u su\u1ea5t truy\u1ec1n \u0111\u1ed9ng v\u00e0 ti\u1ebft ki\u1ec7m n\u0103ng l\u01b0\u1ee3ng.<\/li>\n<li data-sourcepos=\"16:1-16:82\"><strong>Ch\u1ecbu t\u1ea3i tr\u1ecdng cao:<\/strong> V\u01b0\u1ee3t tr\u1ed9i trong vi\u1ec7c ch\u1ecbu t\u1ea3i tr\u1ecdng va \u0111\u1eadp v\u00e0 s\u1ed1c nhi\u1ec7t.<\/li>\n<li data-sourcepos=\"17:1-18:0\"><strong>Kh\u1ea3 n\u0103ng t\u00e1ch n\u01b0\u1edbc t\u1ed1t:<\/strong> Ng\u0103n ng\u1eeba s\u1ef1 h\u00ecnh th\u00e0nh g\u1ec9 s\u00e9t v\u00e0 \u0103n m\u00f2n.<\/li>\n<\/ul>\n<h3 data-sourcepos=\"19:1-19:12\">\u1ee8ng d\u1ee5ng<\/h3>\n<p><img decoding=\"async\" title=\"shell-omala-s4-we-320-1-1\" src=\"https:\/\/yenhung.com\/wp-content\/uploads\/2025\/11\/shell-omala-s4-we-320-1-1.jpg\" alt=\"Shell Omala S4 WE 320\" data-thumb=\"grande\" \/><\/p>\n<ul data-sourcepos=\"21:1-27:0\">\n<li data-sourcepos=\"21:1-25:33\"><strong>B\u00e1nh r\u0103ng c\u00f4ng nghi\u1ec7p:<\/strong> S\u1eed d\u1ee5ng cho c\u00e1c lo\u1ea1i b\u00e1nh r\u0103ng tr\u1ee5, b\u00e1nh r\u0103ng v\u00edt, b\u00e1nh r\u0103ng c\u00f4n trong c\u00e1c ng\u00e0nh c\u00f4ng nghi\u1ec7p nh\u01b0:\n<ul data-sourcepos=\"22:5-25:33\">\n<li data-sourcepos=\"22:5-22:58\"><strong>S\u1ea3n xu\u1ea5t gi\u1ea5y:<\/strong> M\u00e1y nghi\u1ec1n b\u1ed9t gi\u1ea5y, m\u00e1y \u00e9p gi\u1ea5y.<\/li>\n<li data-sourcepos=\"23:5-23:50\"><strong>Th\u1ef1c ph\u1ea9m v\u00e0 \u0111\u1ed3 u\u1ed1ng:<\/strong> M\u00e1y tr\u1ed9n, m\u00e1y b\u01a1m.<\/li>\n<li data-sourcepos=\"24:5-24:49\"><strong>X\u00e2y d\u1ef1ng:<\/strong> M\u00e1y tr\u1ed9n b\u00ea t\u00f4ng, m\u00e1y nghi\u1ec1n.<\/li>\n<li data-sourcepos=\"25:5-25:33\"><strong>Th\u00e9p:<\/strong> M\u00e1y c\u00e1n, m\u00e1y c\u1eaft.<\/li>\n<\/ul>\n<\/li>\n<li data-sourcepos=\"26:1-27:0\"><strong>H\u1ec7 th\u1ed1ng truy\u1ec1n \u0111\u1ed9ng:<\/strong> C\u00e1c h\u1ec7 th\u1ed1ng truy\u1ec1n \u0111\u1ed9ng \u0111\u00f2i h\u1ecfi \u0111\u1ed9 tin c\u1eady cao v\u00e0 tu\u1ed5i th\u1ecd d\u00e0i.<\/li>\n<\/ul>\n<h3 data-sourcepos=\"28:1-28:21\">Th\u00f4ng s\u1ed1 k\u1ef9 thu\u1eadt<\/h3>\n<ul data-sourcepos=\"30:1-35:0\">\n<li data-sourcepos=\"30:1-30:21\"><strong>D\u1ea1ng:<\/strong> Ch\u1ea5t l\u1ecfng<\/li>\n<li data-sourcepos=\"31:1-31:37\"><strong>M\u00e0u s\u1eafc:<\/strong> [M\u00e0u s\u1eafc c\u1ee7a s\u1ea3n ph\u1ea9m]<\/li>\n<li data-sourcepos=\"32:1-32:29\"><strong>\u0110\u1ed9 nh\u1edbt:<\/strong> 320 cSt \u1edf 40\u00b0C<\/li>\n<li data-sourcepos=\"33:1-33:38\"><strong>Ch\u1ec9 s\u1ed1 \u0111\u1ed9 nh\u1edbt:<\/strong> [Ch\u1ec9 s\u1ed1 \u0111\u1ed9 nh\u1edbt]<\/li>\n<li data-sourcepos=\"34:1-35:0\"><strong>\u0110i\u1ec3m \u0111\u00f4ng \u0111\u1eb7c:<\/strong> [\u0110i\u1ec3m \u0111\u00f4ng \u0111\u1eb7c]<\/li>\n<\/ul>\n<h3 data-sourcepos=\"36:1-36:21\">H\u01b0\u1edbng d\u1eabn s\u1eed d\u1ee5ng<\/h3>\n<ul data-sourcepos=\"38:1-41:0\">\n<li data-sourcepos=\"38:1-38:70\"><strong>L\u00e0m s\u1ea1ch:<\/strong> Tr\u01b0\u1edbc khi s\u1eed d\u1ee5ng, c\u1ea7n l\u00e0m s\u1ea1ch k\u1ef9 h\u1ec7 th\u1ed1ng b\u00e1nh r\u0103ng.<\/li>\n<li data-sourcepos=\"39:1-39:66\"><strong>Thay th\u1ebf:<\/strong> Thay th\u1ebf d\u1ea7u theo \u0111\u1ecbnh k\u1ef3 ho\u1eb7c khi d\u1ea7u b\u1ecb \u00f4 nhi\u1ec5m.<\/li>\n<li data-sourcepos=\"40:1-41:0\"><strong>\u0110i\u1ec1u ki\u1ec7n l\u00e0m vi\u1ec7c:<\/strong> Tham kh\u1ea3o h\u01b0\u1edbng d\u1eabn c\u1ee7a nh\u00e0 s\u1ea3n xu\u1ea5t thi\u1ebft b\u1ecb \u0111\u1ec3 l\u1ef1a ch\u1ecdn lo\u1ea1i d\u1ea7u ph\u00f9 h\u1ee3p v\u1edbi \u0111i\u1ec1u ki\u1ec7n l\u00e0m vi\u1ec7c c\u1ee5 th\u1ec3.<\/li>\n<\/ul>\n<h3 data-sourcepos=\"42:1-42:21\">L\u01b0u \u00fd khi s\u1eed d\u1ee5ng<\/h3>\n<ul data-sourcepos=\"44:1-47:0\">\n<li data-sourcepos=\"44:1-44:77\"><strong>B\u1ea3o qu\u1ea3n:<\/strong> B\u1ea3o qu\u1ea3n \u1edf n\u01a1i kh\u00f4 r\u00e1o, tho\u00e1ng m\u00e1t, tr\u00e1nh \u00e1nh n\u1eafng tr\u1ef1c ti\u1ebfp.<\/li>\n<li data-sourcepos=\"45:1-45:71\"><strong>An to\u00e0n:<\/strong> S\u1eed d\u1ee5ng g\u0103ng tay, k\u00ednh b\u1ea3o h\u1ed9 khi ti\u1ebfp x\u00fac v\u1edbi s\u1ea3n ph\u1ea9m.<\/li>\n<li data-sourcepos=\"46:1-47:0\"><strong>M\u00f4i tr\u01b0\u1eddng:<\/strong> X\u1eed l\u00fd d\u1ea7u th\u1ea3i theo \u0111\u00fang quy \u0111\u1ecbnh.<\/li>\n<\/ul>\n<p>&nbsp;<\/p>\n<\/div>\n","protected":false},"excerpt":{"rendered":"<p>T\u00ean sa\u0309n ph\u00e2\u0309m:\u00a0Shell Omala S4 WE 320 (Tivela S 320)<\/p>\n<p><strong>Li\u00ean H\u1ec7:<\/strong> 0397433258<\/p>\n","protected":false},"featured_media":8978,"comment_status":"closed","ping_status":"closed","template":"","meta":[],"product_brand":[],"product_cat":[168],"product_tag":[],"class_list":{"0":"post-8977","1":"product","2":"type-product","3":"status-publish","4":"has-post-thumbnail","6":"product_cat-shell","8":"first","9":"instock","10":"shipping-taxable","11":"product-type-simple"},"_links":{"self":[{"href":"https:\/\/yenhung.com\/index.php?rest_route=\/wp\/v2\/product\/8977","targetHints":{"allow":["GET"]}}],"collection":[{"href":"https:\/\/yenhung.com\/index.php?rest_route=\/wp\/v2\/product"}],"about":[{"href":"https:\/\/yenhung.com\/index.php?rest_route=\/wp\/v2\/types\/product"}],"replies":[{"embeddable":true,"href":"https:\/\/yenhung.com\/index.php?rest_route=%2Fwp%2Fv2%2Fcomments&post=8977"}],"wp:featuredmedia":[{"embeddable":true,"href":"https:\/\/yenhung.com\/index.php?rest_route=\/wp\/v2\/media\/8978"}],"wp:attachment":[{"href":"https:\/\/yenhung.com\/index.php?rest_route=%2Fwp%2Fv2%2Fmedia&parent=8977"}],"wp:term":[{"taxonomy":"product_brand","embeddable":true,"href":"https:\/\/yenhung.com\/index.php?rest_route=%2Fwp%2Fv2%2Fproduct_brand&post=8977"},{"taxonomy":"product_cat","embeddable":true,"href":"https:\/\/yenhung.com\/index.php?rest_route=%2Fwp%2Fv2%2Fproduct_cat&post=8977"},{"taxonomy":"product_tag","embeddable":true,"href":"https:\/\/yenhung.com\/index.php?rest_route=%2Fwp%2Fv2%2Fproduct_tag&post=8977"}],"curies":[{"name":"wp","href":"https:\/\/api.w.org\/{rel}","templated":true}]}}