{"id":9001,"date":"2025-11-10T09:05:09","date_gmt":"2025-11-10T09:05:09","guid":{"rendered":"https:\/\/yenhung.com\/?product=dau-nhon-shell-corena-s2-p100-20l"},"modified":"2026-03-13T07:08:50","modified_gmt":"2026-03-13T07:08:50","slug":"dau-nhon-shell-corena-s2-p100-20l","status":"publish","type":"product","link":"https:\/\/yenhung.com\/?product=dau-nhon-shell-corena-s2-p100-20l","title":{"rendered":"D\u1ea6U M\u00c1Y N\u00c9N KH\u00cd PISTOL &#8211; SHELL CORENA S2 P100 &#8211; 20L"},"content":{"rendered":"<div class=\"ba-text-fpt\">\n<h2 data-sourcepos=\"3:1-3:63\">D\u1ea6U M\u00c1Y N\u00c9N KH\u00cd PISTOL &#8211; <strong>SHELL CORENA S2 P100<\/strong> &#8211; 20L<\/h2>\n<h3 data-sourcepos=\"5:1-5:23\">Gi\u1edbi thi\u1ec7u s\u1ea3n ph\u1ea9m<\/h3>\n<p><img decoding=\"async\" title=\"shell-corena-s2-p100-a-1\" src=\"https:\/\/yenhung.com\/wp-content\/uploads\/2025\/11\/shell-corena-s2-p100-a-1.jpg\" alt=\"D\u1ea6U NH\u1edcN - SHELL CORENA S2 P100 - 20L\" data-thumb=\"large\" \/><\/p>\n<p data-sourcepos=\"7:1-7:271\"><strong>Shell Corena S2 P100<\/strong> l\u00e0 d\u1ea7u m\u00e1y n\u00e9n kh\u00ed piston ch\u1ea5t l\u01b0\u1ee3ng cao, \u0111\u01b0\u1ee3c s\u1ea3n xu\u1ea5t t\u1eeb d\u1ea7u g\u1ed1c kho\u00e1ng v\u00e0 h\u1ec7 ph\u1ee5 gia ti\u00ean ti\u1ebfn. S\u1ea3n ph\u1ea9m \u0111\u01b0\u1ee3c thi\u1ebft k\u1ebf \u0111\u1eb7c bi\u1ec7t \u0111\u1ec3 b\u00f4i tr\u01a1n c\u00e1c m\u00e1y n\u00e9n kh\u00ed piston \u00e1p su\u1ea5t cao, ho\u1ea1t \u0111\u1ed9ng trong \u0111i\u1ec1u ki\u1ec7n nhi\u1ec7t \u0111\u1ed9 kh\u1eafc nghi\u1ec7t, l\u00ean \u0111\u1ebfn tr\u00ean 220\u00b0C.<\/p>\n<p data-sourcepos=\"9:1-9:40\">\u01afu \u0111i\u1ec3m n\u1ed5i b\u1eadt<\/p>\n<ul data-sourcepos=\"13:1-15:29\">\n<li data-sourcepos=\"13:1-13:111\"><strong>B\u1ea3o v\u1ec7 t\u1ed1i \u01b0u:<\/strong> T\u1ea1o l\u1edbp m\u00e0ng b\u00f4i tr\u01a1n b\u1ec1n v\u1eefng, b\u1ea3o v\u1ec7 c\u00e1c b\u1ed9 ph\u1eadn m\u00e1y n\u00e9n kh\u1ecfi m\u00e0i m\u00f2n, g\u1ec9 s\u00e9t v\u00e0 \u0103n m\u00f2n.<\/li>\n<li data-sourcepos=\"14:1-14:97\"><strong>Ch\u1ecbu nhi\u1ec7t t\u1ed1t:<\/strong> Ho\u1ea1t \u0111\u1ed9ng \u1ed5n \u0111\u1ecbnh trong \u0111i\u1ec1u ki\u1ec7n nhi\u1ec7t \u0111\u1ed9 cao, gi\u1ea3m thi\u1ec3u nguy c\u01a1 ch\u00e1y n\u1ed5.<\/li>\n<li data-sourcepos=\"15:1-15:29\"><strong>T\u0103ng tu\u1ed5i th\u1ecd m\u00e1y:<\/strong> Gi\u00fap k\u00e9o d\u00e0i tu\u1ed5i th\u1ecd c\u1ee7a m\u00e1y n\u00e9n kh\u00ed, gi\u1ea3m chi ph\u00ed b\u1ea3o tr\u00ec.<\/li>\n<li data-sourcepos=\"16:1-16:78\"><strong>N\u00e2ng cao hi\u1ec7u su\u1ea5t:<\/strong> Gi\u1ea3m ma s\u00e1t, gi\u00fap m\u00e1y n\u00e9n ho\u1ea1t \u0111\u1ed9ng \u00eam \u00e1i, hi\u1ec7u qu\u1ea3.<\/li>\n<li data-sourcepos=\"17:1-18:0\"><strong>An to\u00e0n:<\/strong> S\u1ea3n ph\u1ea9m th\u00e2n thi\u1ec7n v\u1edbi m\u00f4i tr\u01b0\u1eddng, kh\u00f4ng g\u00e2y h\u1ea1i cho s\u1ee9c kh\u1ecfe ng\u01b0\u1eddi s\u1eed d\u1ee5ng.<\/li>\n<\/ul>\n<h3 data-sourcepos=\"19:1-19:12\">\u1ee8ng d\u1ee5ng<\/h3>\n<p><img decoding=\"async\" title=\"shell-corena-s2-p100-b-1\" src=\"https:\/\/yenhung.com\/wp-content\/uploads\/2025\/11\/shell-corena-s2-p100-b-1.jpg\" alt=\"D\u1ea6U NH\u1edcN - SHELL CORENA S2 P100 - 20L\" data-thumb=\"large\" \/><\/p>\n<ul data-sourcepos=\"21:1-23:0\">\n<li data-sourcepos=\"21:1-21:122\"><strong>B\u00f4i tr\u01a1n m\u00e1y n\u00e9n kh\u00ed piston:<\/strong> S\u1eed d\u1ee5ng cho c\u00e1c m\u00e1y n\u00e9n kh\u00ed piston c\u00f4ng nghi\u1ec7p, m\u00e1y n\u00e9n kh\u00ed mini, m\u00e1y n\u00e9n kh\u00ed tr\u1ee5c v\u00edt.<\/li>\n<li data-sourcepos=\"22:1-23:0\"><strong>C\u00e1c \u1ee9ng d\u1ee5ng kh\u00e1c:<\/strong> C\u00f3 th\u1ec3 s\u1eed d\u1ee5ng trong m\u1ed9t s\u1ed1 h\u1ec7 th\u1ed1ng th\u1ee7y l\u1ef1c y\u00eau c\u1ea7u \u0111\u1ed9 b\u1ec1n nhi\u1ec7t cao.<\/li>\n<li data-sourcepos=\"22:1-23:0\"><strong>L\u00e0m s\u1ea1ch h\u1ec7 th\u1ed1ng:<\/strong> Tr\u01b0\u1edbc khi s\u1eed d\u1ee5ng, c\u1ea7n l\u00e0m s\u1ea1ch k\u1ef9 h\u1ec7 th\u1ed1ng m\u00e1y n\u00e9n kh\u00ed<\/li>\n<li data-sourcepos=\"22:1-23:0\"><strong>Thay d\u1ea7u \u0111\u1ecbnh k\u1ef3:<\/strong> Thay d\u1ea7u theo \u0111\u00fang khuy\u1ebfn c\u00e1o c\u1ee7a nh\u00e0 s\u1ea3n xu\u1ea5t m\u00e1y n\u00e9n kh\u00ed v\u00e0 nh\u00e0 s\u1ea3n xu\u1ea5t d\u1ea7u.<\/li>\n<li data-sourcepos=\"22:1-23:0\"><strong>Ki\u1ec3m tra ch\u1ea5t l\u01b0\u1ee3ng d\u1ea7u:<\/strong> Ki\u1ec3m tra \u0111\u1ecbnh k\u1ef3 ch\u1ea5t l\u01b0\u1ee3ng d\u1ea7u \u0111\u1ec3 \u0111\u1ea3m b\u1ea3o hi\u1ec7u su\u1ea5t l\u00e0m vi\u1ec7c c\u1ee7a m\u00e1y n\u00e9n kh\u00ed.<\/li>\n<\/ul>\n<h3 data-sourcepos=\"37:1-37:21\">L\u01b0u \u00fd khi s\u1eed d\u1ee5ng<\/h3>\n<ul data-sourcepos=\"39:1-42:0\">\n<li data-sourcepos=\"39:1-39:86\"><strong>B\u1ea3o qu\u1ea3n:<\/strong> B\u1ea3o qu\u1ea3n s\u1ea3n ph\u1ea9m \u1edf n\u01a1i kh\u00f4 r\u00e1o, tho\u00e1ng m\u00e1t, tr\u00e1nh \u00e1nh n\u1eafng tr\u1ef1c ti\u1ebfp.<\/li>\n<li data-sourcepos=\"40:1-40:71\"><strong>An to\u00e0n:<\/strong> S\u1eed d\u1ee5ng g\u0103ng tay, k\u00ednh b\u1ea3o h\u1ed9 khi ti\u1ebfp x\u00fac v\u1edbi s\u1ea3n ph\u1ea9m.<\/li>\n<li data-sourcepos=\"41:1-42:0\"><strong>M\u00f4i tr\u01b0\u1eddng:<\/strong> X\u1eed l\u00fd d\u1ea7u th\u1ea3i theo \u0111\u00fang quy \u0111\u1ecbnh.<\/li>\n<\/ul>\n<\/div>\n","protected":false},"excerpt":{"rendered":"<p>T\u00ean sa\u0309n ph\u00e2\u0309m:\u00a0SHELL CORENA S2 P100<\/p>\n<p><strong>Li\u00ean H\u1ec7:<\/strong> 0397433258<\/p>\n","protected":false},"featured_media":9002,"comment_status":"closed","ping_status":"closed","template":"","meta":[],"product_brand":[],"product_cat":[168],"product_tag":[],"class_list":{"0":"post-9001","1":"product","2":"type-product","3":"status-publish","4":"has-post-thumbnail","6":"product_cat-shell","8":"first","9":"instock","10":"shipping-taxable","11":"product-type-simple"},"_links":{"self":[{"href":"https:\/\/yenhung.com\/index.php?rest_route=\/wp\/v2\/product\/9001","targetHints":{"allow":["GET"]}}],"collection":[{"href":"https:\/\/yenhung.com\/index.php?rest_route=\/wp\/v2\/product"}],"about":[{"href":"https:\/\/yenhung.com\/index.php?rest_route=\/wp\/v2\/types\/product"}],"replies":[{"embeddable":true,"href":"https:\/\/yenhung.com\/index.php?rest_route=%2Fwp%2Fv2%2Fcomments&post=9001"}],"wp:featuredmedia":[{"embeddable":true,"href":"https:\/\/yenhung.com\/index.php?rest_route=\/wp\/v2\/media\/9002"}],"wp:attachment":[{"href":"https:\/\/yenhung.com\/index.php?rest_route=%2Fwp%2Fv2%2Fmedia&parent=9001"}],"wp:term":[{"taxonomy":"product_brand","embeddable":true,"href":"https:\/\/yenhung.com\/index.php?rest_route=%2Fwp%2Fv2%2Fproduct_brand&post=9001"},{"taxonomy":"product_cat","embeddable":true,"href":"https:\/\/yenhung.com\/index.php?rest_route=%2Fwp%2Fv2%2Fproduct_cat&post=9001"},{"taxonomy":"product_tag","embeddable":true,"href":"https:\/\/yenhung.com\/index.php?rest_route=%2Fwp%2Fv2%2Fproduct_tag&post=9001"}],"curies":[{"name":"wp","href":"https:\/\/api.w.org\/{rel}","templated":true}]}}