{"id":9015,"date":"2025-11-10T09:05:19","date_gmt":"2025-11-10T09:05:19","guid":{"rendered":"https:\/\/yenhung.com\/?product=dau-shell-corena-s4-p100-20l-xo"},"modified":"2026-03-13T07:08:34","modified_gmt":"2026-03-13T07:08:34","slug":"dau-shell-corena-s4-p100-20l-xo","status":"publish","type":"product","link":"https:\/\/yenhung.com\/?product=dau-shell-corena-s4-p100-20l-xo","title":{"rendered":"D\u1ea6U M\u00c1Y N\u00c9N KH\u00cd &#8211; SHELL CORENA S4 P100 (20l\/x\u00f4)"},"content":{"rendered":"<div class=\"ba-text-fpt\">\n<h2 dir=\"ltr\"><strong>M\u00f4 t\u1ea3\u00a0D\u1ea7u m\u00e1y n\u00e9n kh\u00ed Shell corena s4 P100 20L<\/strong><\/h2>\n<p dir=\"ltr\"><img decoding=\"async\" style=\"font-size: 14.4px;\" title=\"dau-corena-s4-p100-c-1\" src=\"https:\/\/yenhung.com\/wp-content\/uploads\/2025\/11\/dau-corena-s4-p100-c-1.jpg\" alt=\"D\u1ea6U - SHELL CORENA S4 P100 (20l\/x\u00f4)\" data-thumb=\"large\" \/><\/p>\n<p dir=\"ltr\"><strong>Shell Corena S4 P 100<\/strong>\u00a0l\u00e0 d\u1ea7u t\u1ed5ng h\u1ee3p ti\u00ean ti\u1ebfn cho\u00a0m\u00e1y n\u00e9n kh\u00ed kh\u00f4ng d\u1ea7u mini, k\u1ebft h\u1ee3p d\u1ea7u g\u1ed1c t\u1ed5ng h\u1ee3p ester v\u1edbi h\u1ec7 th\u1ed1ng ph\u1ee5 gia t\u00ednh n\u0103ng cao. D\u00e2u \u0111\u01b0\u1ee3c pha ch\u1ebf nh\u1eb1m mang l\u1ea1i c\u00e1c t\u00ednh n\u0103ng b\u00f4i tr\u01a1n cao nh\u1ea5t cho c\u00e1c m\u00e1y n\u00e9n kh\u00ed ki\u1ec3u t\u1ecbnh ti\u1ebfn \u00e1p su\u1ea5t cao, ho\u1ea1t \u0111\u00f4ng v\u1edbi nhi\u1ec7t \u0111\u1ed9 kh\u00ed ra t\u1edbi 2200C d\u01b0\u1edbi \u00e1p su\u1ea5t cao.<\/p>\n<h2 dir=\"ltr\"><strong>\u0110\u1eb7c \u0111i\u1ec3m &amp; T\u00ednh n\u0103ng c\u1ee7a D\u1ea7u m\u00e1y n\u00e9n kh\u00ed Shell Corena S4 P100 20L<\/strong><\/h2>\n<p dir=\"ltr\"><em><strong>Tu\u1ed5i th\u200b\u1ecd d\u1ea7u cao \u2013 Ti\u1ebft ki\u1ec7m chi ph\u00ed b\u1ea3o d\u01b0\u1ee1ng:<\/strong><\/em><\/p>\n<p dir=\"ltr\"><strong>D\u1ea7u m\u00e1y n\u00e9n kh\u00ed Shell<\/strong>\u00a0Corena S4 P \u0111\u1ea3m b\u1ea3o b\u00f4i tr\u01a1n an to\u00e0n, tin c\u1eady v\u00e0 hi\u1ec7u qu\u1ea3, cho ph\u00e9p k\u00e9o d\u00e0i tu\u1ed5i th\u1ecd thi\u1ebft b\u1ecb \u1edf nh\u1eefng n\u01a1i d\u1ea7u g\u1ed1c kho\u00e1ng kh\u00f4ng \u0111\u00e1p \u1ee9ng \u0111\u01b0\u1ee3c.<\/p>\n<p dir=\"ltr\">V\u1edbi xu h\u01b0\u1edbng t\u1ea1o c\u1eb7n c\u1ef1c th\u1ea5p, Shell Corena S4 P gi\u00fap duy tr\u00ec t\u00ednh n\u0103ng cao c\u1ee7a m\u00e1y n\u00e9n kh\u00ed trong th\u1eddi gian d\u00e0i, gi\u1ea3m chi ph\u00ed b\u1ea3o d\u01b0\u1ee1ng v\u00e0 ng\u1eebng m\u00e1y.<\/p>\n<p dir=\"ltr\">Shell Corena S4 P 100 c\u00f3 th\u1ec3 k\u00e9o d\u00e0i th\u1eddi gian b\u1ea3o d\u01b0\u1ee1ng van th\u00f4ng th\u01b0\u1eddng t\u1eeb 1,000 gi\u1edd ho\u1ea1t \u0111\u1ed9ng khi s\u1eed d\u1ee5ng d\u1ea7u g\u1ed1c kho\u00e1ng truy\u1ec1n th\u1ed1ng l\u00ean t\u1edbi 2,000 \u2013 4,000 gi\u1edd t\u00f9y theo \u0111i\u1ec1u<\/p>\n<p dir=\"ltr\">ki\u1ec7n ho\u1ea1t \u0111\u1ed9ng.<\/p>\n<p dir=\"ltr\"><em><strong>B\u1ea3o v\u1ec7 tuy\u1ec7t v\u1eddi ch\u1ed1ng m\u00e0i m\u00f2n<\/strong><\/em><\/p>\n<p dir=\"ltr\">Shell Corena S4 P100 gi\u00fap b\u1ea3o v\u1ec7 tuy\u1ec7t v\u1eddi c\u00e1c b\u1ec1 m\u1eb7t kim lo\u1ea1i b\u00ean trong kh\u1ecfi \u0103n m\u00f2n v\u00e0 m\u00e0i m\u00f2n, k\u00e9o d\u00e0i tu\u1ed5i th\u1ecd c\u00e1c chi ti\u1ebft quan tr\u1ecdng nh\u01b0 \u1ed5 \u0111\u1ee1 v\u00e0 pist\u00f4ng.<\/p>\n<p dir=\"ltr\"><em><strong>Duy\u200b tr\u00ec hi\u1ec7u su\u1ea5t h\u1ec7 th\u1ed1ng<\/strong><\/em><\/p>\n<p dir=\"ltr\">Shell Corena S4 P gi\u00fap ng\u0103n ng\u1eeba s\u1ef1 t\u1ea1o c\u1eb7n b\u00f9n v\u00e0 c\u1eb7n l\u1eafc cacbon tr\u00ean c\u00e1c van v\u00e0 \u0111\u1ec9nh pist\u00f4ng l\u00e0m vi\u1ec7c t\u1ea1i nhi\u1ec7t \u0111\u1ed9 v\u00e0 \u00e1p su\u1ea5t cao, c\u00f3 th\u1ec3 g\u00e2y ra c\u00e1c h\u01b0 h\u1ecfng nghi\u00eam tr\u1ecdng, gi\u1ea3m hi\u1ec7u su\u1ea5t h\u1ec7 th\u1ed1ng v\u00e0 t\u0103ng chi ph\u00ed b\u1ea3o d\u01b0\u1ee1ng.<\/p>\n<p dir=\"ltr\">Ngo\u00e0i ra, Shell Corena S4 P c\u00f2n c\u00f3 kh\u1ea3 n\u0103ng t\u00e1ch n\u01b0\u1edbc t\u1ed1t gi\u00fap ch\u1ed1ng \u0103n m\u00f2n v\u00e0 d\u1ec5 d\u00e0ng x\u1ea3 n\u01b0\u1edbc ng\u01b0ng t\u1ee5.<\/p>\n<p dir=\"ltr\"><em><strong>N\u00e2ng cao an to\u00e0n\u200b \u0111\u01b0\u1eddng kh\u00ed n\u00e9n<\/strong><\/em><\/p>\n<p dir=\"ltr\">Trong \u0111\u01b0\u1eddng kh\u00ed ra, s\u1ef1 k\u1ebft h\u1ee3p c\u00e1c h\u1ea1t r\u1ec9 l\u1eabn trong c\u1eb7n cacbon v\u1edbi nhi\u1ec7t \u0111\u1ed9 kh\u00ed cao s\u1ebd g\u00e2y ra ph\u1ea3n \u1ee9ng c\u00f3 th\u1ec3 d\u1eabn \u0111\u1ebfn ch\u00e1y n\u1ed5. Shell Corena S4 P gi\u00fap gi\u1ea3m thi\u1ec3u nguy c\u01a1 n\u00e0y.<\/p>\n<h2 dir=\"ltr\"><strong>C\u00e1c \u1ee8ng d\u1ee5ng ch\u00ednh D\u1ea7u m\u00e1y n\u00e9n kh\u00ed Shell Corena S4 P100 20L<\/strong><\/h2>\n<p dir=\"ltr\"><em><strong>C\u00e1c m\u00e1y \u200bn\u00e9n kh\u00ed pist\u00f4ng<\/strong><\/em><\/p>\n<p dir=\"ltr\">Shell Corena S4 P th\u00edch h\u1ee3p s\u1eed d\u1ee5ng trong c\u00e1c m\u00e1y n\u00e9n kh\u00ed pist\u00f4ng c\u00f4ng nghi\u1ec7p, \u0111\u1eb7c bi\u1ec7t nh\u1eefng m\u00e1y ho\u1ea1t \u0111\u1ed9ng trong \u0111i\u1ec1u ki\u1ec7n kh\u1eafc nghi\u1ec7t v\u1edbi nhi\u1ec7t \u0111\u1ed9 kh\u00ed ra tr\u00ean 2200C v\u00e0 \u00e1p su\u1ea5t cao li\u00ean t\u1ee5c.<\/p>\n<p dir=\"ltr\"><em><strong>C\u200b\u00e1c m\u00e1y n\u00e9n kh\u00ed th\u1edf<\/strong><\/em><\/p>\n<p dir=\"ltr\">Shell Corena S4 P c\u0169ng c\u00f3 th\u1ec3 d\u00f9ng trong c\u00e1c m\u00e1y n\u00e9n kh\u00ed th\u1edf c\u00f3 c\u00e1c b\u1ed9 ph\u1eadn l\u00e0m s\u1ea1ch ph\u1ee5 tr\u1ee3 \u0111\u1ec3 \u0111\u1ea3m b\u1ea3o kh\u00f4ng kh\u00ed n\u00e9n th\u00edch h\u1ee3p d\u00f9ng \u0111\u1ec3 th\u1edf.<\/p>\n<\/div>\n","protected":false},"excerpt":{"rendered":"<p>T\u00ean sa\u0309n ph\u00e2\u0309m: D\u1ea7u m\u00e1y n\u00e9n kh\u00ed Shell corena s4 P100 20L<\/p>\n<p><strong>Li\u00ean H\u1ec7:<\/strong> 0397433258<\/p>\n","protected":false},"featured_media":9016,"comment_status":"closed","ping_status":"closed","template":"","meta":[],"product_brand":[],"product_cat":[168],"product_tag":[],"class_list":{"0":"post-9015","1":"product","2":"type-product","3":"status-publish","4":"has-post-thumbnail","6":"product_cat-shell","8":"first","9":"instock","10":"shipping-taxable","11":"product-type-simple"},"_links":{"self":[{"href":"https:\/\/yenhung.com\/index.php?rest_route=\/wp\/v2\/product\/9015","targetHints":{"allow":["GET"]}}],"collection":[{"href":"https:\/\/yenhung.com\/index.php?rest_route=\/wp\/v2\/product"}],"about":[{"href":"https:\/\/yenhung.com\/index.php?rest_route=\/wp\/v2\/types\/product"}],"replies":[{"embeddable":true,"href":"https:\/\/yenhung.com\/index.php?rest_route=%2Fwp%2Fv2%2Fcomments&post=9015"}],"wp:featuredmedia":[{"embeddable":true,"href":"https:\/\/yenhung.com\/index.php?rest_route=\/wp\/v2\/media\/9016"}],"wp:attachment":[{"href":"https:\/\/yenhung.com\/index.php?rest_route=%2Fwp%2Fv2%2Fmedia&parent=9015"}],"wp:term":[{"taxonomy":"product_brand","embeddable":true,"href":"https:\/\/yenhung.com\/index.php?rest_route=%2Fwp%2Fv2%2Fproduct_brand&post=9015"},{"taxonomy":"product_cat","embeddable":true,"href":"https:\/\/yenhung.com\/index.php?rest_route=%2Fwp%2Fv2%2Fproduct_cat&post=9015"},{"taxonomy":"product_tag","embeddable":true,"href":"https:\/\/yenhung.com\/index.php?rest_route=%2Fwp%2Fv2%2Fproduct_tag&post=9015"}],"curies":[{"name":"wp","href":"https:\/\/api.w.org\/{rel}","templated":true}]}}