{"id":9024,"date":"2025-11-10T09:05:25","date_gmt":"2025-11-10T09:05:25","guid":{"rendered":"https:\/\/yenhung.com\/?product=mo-shell-gadus-s2-v220-2-18kg-xo"},"modified":"2026-03-13T07:08:28","modified_gmt":"2026-03-13T07:08:28","slug":"mo-shell-gadus-s2-v220-2-18kg-xo","status":"publish","type":"product","link":"https:\/\/yenhung.com\/?product=mo-shell-gadus-s2-v220-2-18kg-xo","title":{"rendered":"M\u1ee0 C\u00d4NG NGHI\u1ec6P -SHELL GADUS S2 V220 2 (18kg\/x\u00f4)"},"content":{"rendered":"<div class=\"ba-text-fpt\">\n<h2 data-sourcepos=\"1:1-1:64\"><strong>Shell Gadus S2 V220 2 (18kg)<\/strong><\/h2>\n<p data-sourcepos=\"1:1-1:64\">\u00a0M\u1ee1 B\u00f4i Tr\u01a1n \u0110a N\u0103ng Ch\u1ecbu C\u1ef1c \u00c1p<\/p>\n<p><img decoding=\"async\" style=\"font-size: 14.4px;\" title=\"shell-gadus-s2-v220-2-18kg-2-1\" src=\"https:\/\/yenhung.com\/wp-content\/uploads\/2025\/11\/shell-gadus-s2-v220-2-18kg-2-1.jpg\" alt=\"SHELL GADUS S2 V220 2 18KG\" data-thumb=\"large\" \/><\/p>\n<p data-sourcepos=\"3:1-3:283\"><strong>Shell Gadus S2 V220 2<\/strong> l\u00e0 lo\u1ea1i m\u1ee1 b\u00f4i tr\u01a1n \u0111a n\u0103ng, ch\u1ecbu c\u1ef1c \u00e1p ch\u1ea5t l\u01b0\u1ee3ng cao, \u0111\u01b0\u1ee3c s\u1ea3n xu\u1ea5t t\u1eeb d\u1ea7u kho\u00e1ng c\u00f3 ch\u1ec9 s\u1ed1 \u0111\u1ed9 nh\u1edbt cao v\u00e0 ch\u1ea5t l\u00e0m \u0111\u1eb7c g\u1ed1c x\u00e0 ph\u00f2ng lithium hydroxystreate c\u00f3 ch\u1ee9a ph\u1ee5 gia c\u1ef1c \u00e1p v\u00e0 c\u00e1c ph\u1ee5 gia cao c\u1ea5p nh\u1eb1m n\u00e2ng cao hi\u1ec7u su\u1ea5t trong m\u1ed9t lo\u1ea1t c\u00e1c \u1ee9ng d\u1ee5ng.<\/p>\n<p data-sourcepos=\"5:1-5:20\"><strong>\u01afu \u0111i\u1ec3m n\u1ed5i b\u1eadt:<\/strong><\/p>\n<ul data-sourcepos=\"7:1-7:34\">\n<li data-sourcepos=\"7:1-7:34\"><strong>Kh\u1ea3 n\u0103ng ch\u1ecbu t\u1ea3i v\u01b0\u1ee3t tr\u1ed9i:<\/strong> Ch\u1ecbu \u0111\u01b0\u1ee3c t\u1ea3i tr\u1ecdng n\u1eb7ng v\u00e0 va \u0111\u1eadp m\u1ea1nh, \u0111\u1eb7c bi\u1ec7t ph\u00f9 h\u1ee3p v\u1edbi c\u00e1c \u1ee9ng d\u1ee5ng trong m\u00f4i tr\u01b0\u1eddng kh\u1eafc nghi\u1ec7t.<\/li>\n<li data-sourcepos=\"8:1-8:110\"><strong>\u1ed4n \u0111\u1ecbnh nhi\u1ec7t:<\/strong> Gi\u1eef \u0111\u01b0\u1ee3c \u0111\u1ed9 nh\u1edbt \u1ed5n \u0111\u1ecbnh trong kho\u1ea3ng nhi\u1ec7t \u0111\u1ed9 r\u1ed9ng, \u0111\u1ea3m b\u1ea3o hi\u1ec7u su\u1ea5t b\u00f4i tr\u01a1n li\u00ean t\u1ee5c.<\/li>\n<li data-sourcepos=\"9:1-9:89\"><strong>Ch\u1ed1ng \u0103n m\u00f2n:<\/strong> B\u1ea3o v\u1ec7 c\u00e1c b\u1ec1 m\u1eb7t kim lo\u1ea1i kh\u1ecfi s\u1ef1 \u0103n m\u00f2n, k\u00e9o d\u00e0i tu\u1ed5i th\u1ecd thi\u1ebft b\u1ecb.<\/li>\n<li data-sourcepos=\"10:1-10:99\"><strong>T\u01b0\u01a1ng th\u00edch t\u1ed1t:<\/strong> T\u01b0\u01a1ng th\u00edch v\u1edbi nhi\u1ec1u lo\u1ea1i v\u1eadt li\u1ec7u kh\u00e1c nhau, bao g\u1ed3m kim lo\u1ea1i m\u00e0u v\u00e0 nh\u1ef1a.<\/li>\n<li data-sourcepos=\"11:1-11:34\"><strong>\u0110\u1ed9 b\u1ec1n c\u01a1 h\u1ecdc cao:<\/strong> Ch\u1ed1ng l\u1ea1i s\u1ef1 ph\u00e2n h\u1ee7y v\u00e0 bi\u1ebfn d\u1ea1ng d\u01b0\u1edbi t\u00e1c \u0111\u1ed9ng c\u1ee7a l\u1ef1c c\u1eaft.<\/li>\n<\/ul>\n<p data-sourcepos=\"13:1-13:13\"><strong>\u1ee8ng d\u1ee5ng:<\/strong><\/p>\n<ul data-sourcepos=\"15:1-25:0\">\n<li data-sourcepos=\"15:1-19:25\"><strong>Ng\u00e0nh c\u00f4ng nghi\u1ec7p n\u1eb7ng:<\/strong>\n<ul data-sourcepos=\"16:5-19:25\">\n<li data-sourcepos=\"16:5-16:18\">M\u00e1y c\u00e1n th\u00e9p<\/li>\n<li data-sourcepos=\"17:5-17:16\">M\u00e1y nghi\u1ec1n<\/li>\n<li data-sourcepos=\"18:5-18:13\">M\u00e1y b\u01a1m<\/li>\n<li data-sourcepos=\"19:5-19:25\">Thi\u1ebft b\u1ecb v\u1eadn chuy\u1ec3n<\/li>\n<\/ul>\n<\/li>\n<li data-sourcepos=\"20:1-25:0\"><strong>C\u00e1c \u1ee9ng d\u1ee5ng kh\u00e1c:<\/strong>\n<ul data-sourcepos=\"21:5-25:0\">\n<li data-sourcepos=\"21:5-21:42\">\u1ed4 l\u0103n v\u00e0 \u1ed5 tr\u01b0\u1ee3t ch\u1ecbu t\u1ea3i tr\u1ecdng n\u1eb7ng<\/li>\n<li data-sourcepos=\"22:5-22:14\">Kh\u1edbp n\u1ed1i<\/li>\n<li data-sourcepos=\"23:5-23:13\">B\u1ea1c \u0111\u1ea1n<\/li>\n<li data-sourcepos=\"24:5-25:0\">H\u1ec7 th\u1ed1ng truy\u1ec1n \u0111\u1ed9ng<\/li>\n<\/ul>\n<\/li>\n<\/ul>\n<p data-sourcepos=\"26:1-26:22\"><strong>Th\u00f4ng s\u1ed1 k\u1ef9 thu\u1eadt:<\/strong><\/p>\n<ul data-sourcepos=\"28:1-33:0\">\n<li data-sourcepos=\"28:1-28:25\"><strong>\u0110\u1ed9 nh\u1edbt:<\/strong> ISO VG 220<\/li>\n<li data-sourcepos=\"29:1-29:27\"><strong>C\u1ea5p hi\u1ec7u su\u1ea5t:<\/strong> NLGI 2<\/li>\n<li data-sourcepos=\"30:1-30:26\"><strong>\u0110i\u1ec3m nh\u1ecf gi\u1ecdt:<\/strong> 180\u00b0C<\/li>\n<li data-sourcepos=\"31:1-31:30\"><strong>\u0110\u1ed9 xuy\u00ean kim:<\/strong> 265-295 mm<\/li>\n<li data-sourcepos=\"32:1-33:0\"><strong>Nhi\u1ec7t \u0111\u1ed9 l\u00e0m vi\u1ec7c:<\/strong> -20\u00b0C \u0111\u1ebfn 120\u00b0C<\/li>\n<\/ul>\n<p data-sourcepos=\"34:1-34:24\"><strong>L\u1ee3i \u00edch khi s\u1eed d\u1ee5ng:<\/strong><\/p>\n<ul data-sourcepos=\"36:1-38:62\">\n<li data-sourcepos=\"36:1-36:94\"><strong>K\u00e9o d\u00e0i tu\u1ed5i th\u1ecd thi\u1ebft b\u1ecb:<\/strong> Gi\u1ea3m ma s\u00e1t, m\u00e0i m\u00f2n, gi\u00fap c\u00e1c thi\u1ebft b\u1ecb ho\u1ea1t \u0111\u1ed9ng b\u1ec1n b\u1ec9 h\u01a1n.<\/li>\n<li data-sourcepos=\"37:1-37:67\"><strong>Gi\u1ea3m chi ph\u00ed b\u1ea3o tr\u00ec:<\/strong> Gi\u1ea3m t\u1ea7n su\u1ea5t b\u1ea3o d\u01b0\u1ee1ng v\u00e0 thay th\u1ebf m\u1ee1.<\/li>\n<li data-sourcepos=\"38:1-38:62\"><strong>N\u00e2ng cao hi\u1ec7u su\u1ea5t s\u1ea3n xu\u1ea5t:<\/strong> Gi\u1ea3m th\u1eddi gian ng\u1eebng m\u00e1y do h\u01b0 h\u1ecfng.<\/li>\n<\/ul>\n<p data-sourcepos=\"40:1-40:22\"><strong>H\u01b0\u1edbng d\u1eabn s\u1eed d\u1ee5ng:<\/strong><\/p>\n<ul data-sourcepos=\"42:1-46:0\">\n<li data-sourcepos=\"42:1-42:52\"><strong>L\u00e0m s\u1ea1ch:<\/strong> L\u00e0m s\u1ea1ch k\u1ef9 b\u1ec1 m\u1eb7t tr\u01b0\u1edbc khi b\u00f4i m\u1ee1.<\/li>\n<li data-sourcepos=\"43:1-43:64\"><strong>Nhi\u1ec7t \u0111\u1ed9:<\/strong> Nhi\u1ec7t \u0111\u1ed9 l\u00fd t\u01b0\u1edfng \u0111\u1ec3 b\u00f4i m\u1ee1 l\u00e0 t\u1eeb 15\u00b0C \u0111\u1ebfn 40\u00b0C.<\/li>\n<li data-sourcepos=\"44:1-44:67\"><strong>L\u01b0\u1ee3ng m\u1ee1:<\/strong> B\u00f4i m\u1ed9t l\u01b0\u1ee3ng m\u1ee1 v\u1eeba \u0111\u1ee7 \u0111\u1ec3 ph\u1ee7 k\u00edn b\u1ec1 m\u1eb7t ti\u1ebfp x\u00fac.<\/li>\n<li data-sourcepos=\"45:1-46:0\"><strong>T\u1ea7n su\u1ea5t:<\/strong> Ki\u1ec3m tra v\u00e0 b\u1ed5 sung m\u1ee1 \u0111\u1ecbnh k\u1ef3 theo khuy\u1ebfn c\u00e1o c\u1ee7a nh\u00e0 s\u1ea3n xu\u1ea5t thi\u1ebft b\u1ecb.<\/li>\n<\/ul>\n<\/div>\n","protected":false},"excerpt":{"rendered":"<p><strong>T\u00ean sa\u0309n ph\u00e2\u0309m:<\/strong>\u00a0SHELL GADUS S2 V220 2 18KG<\/p>\n<p><strong>Li\u00ean H\u1ec7:<\/strong> 0397433258<\/p>\n","protected":false},"featured_media":9025,"comment_status":"closed","ping_status":"closed","template":"","meta":[],"product_brand":[],"product_cat":[168],"product_tag":[],"class_list":{"0":"post-9024","1":"product","2":"type-product","3":"status-publish","4":"has-post-thumbnail","6":"product_cat-shell","8":"first","9":"instock","10":"shipping-taxable","11":"product-type-simple"},"_links":{"self":[{"href":"https:\/\/yenhung.com\/index.php?rest_route=\/wp\/v2\/product\/9024","targetHints":{"allow":["GET"]}}],"collection":[{"href":"https:\/\/yenhung.com\/index.php?rest_route=\/wp\/v2\/product"}],"about":[{"href":"https:\/\/yenhung.com\/index.php?rest_route=\/wp\/v2\/types\/product"}],"replies":[{"embeddable":true,"href":"https:\/\/yenhung.com\/index.php?rest_route=%2Fwp%2Fv2%2Fcomments&post=9024"}],"wp:featuredmedia":[{"embeddable":true,"href":"https:\/\/yenhung.com\/index.php?rest_route=\/wp\/v2\/media\/9025"}],"wp:attachment":[{"href":"https:\/\/yenhung.com\/index.php?rest_route=%2Fwp%2Fv2%2Fmedia&parent=9024"}],"wp:term":[{"taxonomy":"product_brand","embeddable":true,"href":"https:\/\/yenhung.com\/index.php?rest_route=%2Fwp%2Fv2%2Fproduct_brand&post=9024"},{"taxonomy":"product_cat","embeddable":true,"href":"https:\/\/yenhung.com\/index.php?rest_route=%2Fwp%2Fv2%2Fproduct_cat&post=9024"},{"taxonomy":"product_tag","embeddable":true,"href":"https:\/\/yenhung.com\/index.php?rest_route=%2Fwp%2Fv2%2Fproduct_tag&post=9024"}],"curies":[{"name":"wp","href":"https:\/\/api.w.org\/{rel}","templated":true}]}}